lse
Is 189 a factor of 81648?
True
Is 66 a factor of 7590?
True
Is 100 a multiple of 5?
True
Is 4997 a multiple of 263?
True
Is 22 a factor of 8658?
False
Is 35 a factor of 3441?
False
Does 17 divide 16838?
False
Is 1514 a multiple of 2?
True
Does 94 divide 91274?
True
Is 2323 a multiple of 23?
True
Does 106 divide 22684?
True
Does 6 divide 2828?
False
Is 1665 a multiple of 12?
False
Is 12 a factor of 793?
False
Does 22 divide 2030?
False
Is 283 a factor of 14433?
True
Does 62 divide 1505?
False
Does 184 divide 14388?
False
Is 13 a factor of 5698?
False
Does 37 divide 35298?
True
Does 31 divide 158?
False
Is 1435 a multiple of 8?
False
Is 41 a factor of 1927?
True
Is 1504 a multiple of 16?
True
Is 145340 a multiple of 13?
True
Is 1948 a multiple of 36?
False
Is 97 a factor of 5702?
False
Is 2840 a multiple of 10?
True
Is 2 a factor of 152?
True
Does 40 divide 1001?
False
Does 24 divide 2411?
False
Is 442 a multiple of 16?
False
Does 79 divide 93141?
True
Does 11 divide 258?
False
Is 11 a factor of 1386?
True
Is 21839 a multiple of 250?
False
Does 10 divide 571?
False
Does 13 divide 15990?
True
Is 21 a factor of 362?
False
Is 6 a factor of 32365?
False
Is 10 a factor of 1004?
False
Is 13 a factor of 2882?
False
Is 1724 a multiple of 21?
False
Does 16 divide 992?
True
Is 52 a factor of 6968?
True
Is 100 a factor of 600?
True
Is 142 a multiple of 7?
False
Is 12 a factor of 216?
True
Is 295 a multiple of 5?
True
Does 150 divide 4650?
True
Does 11 divide 14957?
False
Is 27456 a multiple of 104?
True
Is 14 a factor of 6973?
False
Is 37 a factor of 1090?
False
Is 3 a factor of 878?
False
Is 46 a factor of 98892?
False
Is 178 a multiple of 119?
False
Is 33 a factor of 1221?
True
Is 84 a multiple of 12?
True
Is 21 a factor of 10626?
True
Is 258 a factor of 32410?
False
Is 12 a factor of 10528?
False
Is 56385 a multiple of 35?
True
Is 23 a factor of 10722?
False
Is 32075 a multiple of 21?
False
Does 20 divide 1411?
False
Does 21 divide 41778?
False
Is 71 a multiple of 5?
False
Does 9 divide 3879?
True
Does 16 divide 28721?
False
Is 310 a factor of 36270?
True
Is 35717 a multiple of 17?
True
Does 16 divide 19?
False
Is 15 a factor of 360?
True
Does 2 divide 146?
True
Is 765 a multiple of 5?
True
Is 20 a factor of 331?
False
Is 14 a factor of 670?
False
Does 13 divide 23767?
False
Is 5411 a multiple of 38?
False
Does 63 divide 14238?
True
Is 11088 a multiple of 24?
True
Does 224 divide 2688?
True
Is 11 a factor of 75141?
True
Does 3 divide 2280?
True
Does 2 divide 855?
False
Does 28 divide 921?
False
Is 82 a factor of 2050?
True
Is 21800 a multiple of 13?
False
Is 51 a factor of 510?
True
Is 28538 a multiple of 280?
False
Does 27 divide 12865?
False
Is 1432 a multiple of 59?
False
Does 8 divide 10880?
True
Is 897 a multiple of 13?
True
Is 9 a factor of 15732?
True
Is 59 a factor of 7198?
True
Is 17592 a multiple of 4?
True
Is 7040 a multiple of 22?
True
Is 4069 a multiple of 85?
False
Is 1654 a multiple of 85?
False
Is 82366 a multiple of 85?
False
Is 488 a multiple of 61?
True
Does 8 divide 1361?
False
Is 611 a multiple of 31?
False
Is 70 a factor of 3330?
False
Does 14 divide 350?
True
Is 110 a multiple of 5?
True
Does 104 divide 71656?
True
Is 375 even?
False
Does 37 divide 355?
False
Does 37 divide 35664?
False
Is 1058 a multiple of 28?
False
Does 167 divide 6963?
False
Is 40 a factor of 5818?
False
Is 3041 a multiple of 80?
False
Is 35 a factor of 3605?
True
Is 42 a factor of 756?
True
Is 309 a multiple of 14?
False
Does 18 divide 38124?
True
Does 44 divide 352?
True
Is 1044 a multiple of 12?
True
Is 6 a factor of 259?
False
Is 21 a factor of 1212?
False
Is 1008 a multiple of 12?
True
Does 4 divide 573?
False
Is 2 a factor of 220?
True
Is 21 a factor of 1282?
False
Is 6 a factor of 33846?
True
Does 144 divide 34836?
False
Is 8 a factor of 184?
True
Does 6 divide 246?
True
Does 6 divide 150?
True
Does 34 divide 10778?
True
Is 1771 a multiple of 23?
True
Is 21 a factor of 5783?
False
Does 158 divide 95142?
False
Is 6600 a multiple of 12?
True
Does 13 divide 676?
True
Is 6071 a multiple of 24?
False
Is 2311 a multiple of 22?
False
Does 33 divide 1320?
True
Is 107 a factor of 19756?
False
Is 3072 a multiple of 96?
True
Is 169 a factor of 5595?
False
Is 638 a multiple of 29?
True
Does 2 divide 5247?
False
Is 13 a factor of 2899?
True
Is 10 a factor of 730?
True
Is 2658 a multiple of 6?
True
Does 16 divide 1648?
True
Does 14 divide 1077?
False
Is 387 a multiple of 78?
False
Is 22 a factor of 51546?
True
Does 11 divide 669?
False
Is 82 a factor of 1394?
True
Does 26 divide 856?
False
Is 14121 a multiple of 2?
False
Is 24142 a multiple of 10?
False
Is 38 a factor of 1644?
False
Does 82 divide 55323?
False
Is 360 a multiple of 40?
True
Is 845 a multiple of 37?
False
Does 32 divide 5877?
False
Is 611 a multiple of 46?
False
Does 30 divide 1110?
True
Is 55 a multiple of 2?
False
Does 91 divide 5733?
True
Is 26 a factor of 934?
False
Does 20 divide 1287?
False
Does 81 divide 7857?
True
Does 27 divide 216?
True
Is 81 a multiple of 2?
False
Does 4 divide 3180?
True
Is 27 a factor of 110?
False
Is 620 even?
True
Is 5912 a multiple of 8?
True
Is 6 a factor of 422?
False
Is 8 a factor of 610?
False
Is 4 a factor of 2172?
True
Does 27 divide 8296?
False
Does 17 divide 1703?
False
Is 58 a factor of 18665?
False
Is 663 a multiple of 13?
True
Does 72 divide 4680?
True
Is 536 a multiple of 4?
True
Is 9 a factor of 766?
False
Does 5 divide 695?
True
Is 191 a multiple of 39?
False
Is 315 a multiple of 9?
True
Is 32 a factor of 28902?
False
Does 32 divide 108931?
False
Does 40 divide 13287?
False
Is 158 a factor of 7511?
False
Is 126 a factor of 1974?
False
Is 59 a factor of 13511?
True
Is 46 a multiple of 8?
False
Is 18 a factor of 972?
True
Does 9 divide 450?
True
Is 1902 a multiple of 6?
True
Is 39 a factor of 101868?
True
Is 39280 a multiple of 150?
False
Is 5 a factor of 718?
False
Is 64 a factor of 403?
False
Is 232 a factor of 22560?
False
Is 38775 a multiple of 84?
False
Does 8 divide 26519?
False
Is 26 a factor of 4524?
True
Is 8 a factor of 9088?
True
Does 29 divide 5683?
False
Does 107 divide 1973?
False
Does 10 divide 27710?
True
Is 24057 a multiple of 6?
False
Does 51 divide 11934?
True
Is 54 a factor of 73440?
True
Is 18306 a multiple of 17?
False
Is 78351 a multiple of 147?
True
Is 7928 a multiple of 51?
False
Does 74 divide 1110?
True
Is 2324 a multiple of 91?
False
Does 10 divide 5850?
True
Does 20 divide 980?
True
Is 49731 a multiple of 33?
True
Is 1392 a multiple of 29?
True
Is 18 a factor of 14210?
False
Does 17 divide 1343?
True
Is 17 a factor of 28643?
False
Does 13 divide 4234?
False
Is 1603 a multiple of 15?
False
Is 10 a factor of 551?
False
Is 25 a factor of 12561?
False
Is 470 a factor of 110452?
False
Does 19 divide 38247?
True
Is 757 a multiple of 2?
False
Is 3240 a multiple of 30?
True
Is 9917 a multiple of 69?
False
Is 41391 a multiple of 219?
True
Is 471 a multiple of 17?
False
Does 4 divide 296?
True
Is 916 a multiple of 35?
False
Is 3192 a multiple of 21?
True
Is 1903 a multiple of 43?
False
Does 47 divide 987?
True
Is 75 a factor of 1471?
False
Does 59 divide 5841?
True
Does 14 divide 1089?
False
Is 12556 a multiple of 43?
True
Is 9 a factor of 10871?
False
Is 9 a factor of 322?
False
Is 159 a factor of 25917?
True
Is 5 a factor of 725?
True
Is 9 a factor of 25016?
False
Is 4225 a multiple of 59?
False
Is 4 a factor of 83?
False
Does 18 divide 1632?
False
Is 24926 a multiple of 81?
False
Is 2 a factor of 37?
False
Does 6 divide 5628?
True
Is 73 a factor of 9636?
True
Does 52 divide 1456?
True
Is 20844 a multiple of 183?
False
Is 13 a factor of 7926?
False
Is 71432 a multiple of 54?
False
Is 1536 a multiple of 48?
True
Is 10157 a multiple of 7?
True
Is 616 a multiple of 8?
True
Does 37 divide 42130?
False
Is 44 a factor of 1364?
True
Is 7 a factor of 1871?
False
Is 27 a factor of 230?
False
Is 697 a multiple of 14?
False
Is 17 a factor of 1071?
True
Does 22 divide 1342?
True
Is 27 a factor of 6075?
True
Is 16 a factor of 12461?
False
Is 3009 a multiple of 51?
True
Is 3178 a multiple of 6?
False
Is 947 a multiple of 17?
False
Does 100 divide 3770?
False
Does 13 divide 4043?
True
Does 293 divide 40593?
False
Does 112 divide 33034?
False
I